{"id":8,"date":"2023-09-24T19:55:51","date_gmt":"2023-09-24T19:55:51","guid":{"rendered":"https:\/\/www.galaxycarpet.com.tr\/?page_id=8"},"modified":"2023-09-24T19:55:51","modified_gmt":"2023-09-24T19:55:51","slug":"hakkimizda","status":"publish","type":"page","link":"https:\/\/www.galaxycarpet.com.tr\/?page_id=8","title":{"rendered":"Hakk\u0131m\u0131zda"},"content":{"rendered":"\n<p><\/p>\n\n\n\n<p><\/p>\n\n\n\n<p><\/p>\n\n\n\n<p>Kaymaz Taban Hal\u0131 \u00dcretim ve Y\u00fcz\u00fcn \u00dczerinde Modellerimiz ile Birlikte Siz De\u011ferli M\u00fc\u015fterilerimize Yenilik\u00e7i, Kaliteli ve Uygun \u00dcr\u00fcn \u00dcretmenin Mutlulu\u011funu S\u00fcrmekteyiz.<\/p>\n\n\n\n<p><\/p>\n\n\n\n<p>5 Y\u0131ld\u0131r Sekt\u00f6re Liderlik Ederek. En Yeni Fikirlerle Sizlerle Birlikte \u00c7al\u0131\u015farak Bu Zamana Gelmek Bizler \u0130\u00e7in \u00c7ok G\u00fczel.<\/p>\n","protected":false},"excerpt":{"rendered":"<p>Kaymaz Taban Hal\u0131 \u00dcretim ve Y\u00fcz\u00fcn \u00dczerinde Modellerimiz ile Birlikte Siz De\u011ferli M\u00fc\u015fterilerimize Yenilik\u00e7i, Kaliteli ve Uygun \u00dcr\u00fcn \u00dcretmenin Mutlulu\u011funu S\u00fcrmekteyiz. 5 Y\u0131ld\u0131r Sekt\u00f6re Liderlik Ederek. En Yeni Fikirlerle Sizlerle Birlikte \u00c7al\u0131\u015farak Bu Zamana Gelmek Bizler \u0130\u00e7in \u00c7ok G\u00fczel.<\/p>\n","protected":false},"author":1,"featured_media":0,"parent":0,"menu_order":0,"comment_status":"closed","ping_status":"closed","template":"","meta":{"footnotes":""},"class_list":["post-8","page","type-page","status-publish","hentry"],"_links":{"self":[{"href":"https:\/\/www.galaxycarpet.com.tr\/index.php?rest_route=\/wp\/v2\/pages\/8","targetHints":{"allow":["GET"]}}],"collection":[{"href":"https:\/\/www.galaxycarpet.com.tr\/index.php?rest_route=\/wp\/v2\/pages"}],"about":[{"href":"https:\/\/www.galaxycarpet.com.tr\/index.php?rest_route=\/wp\/v2\/types\/page"}],"author":[{"embeddable":true,"href":"https:\/\/www.galaxycarpet.com.tr\/index.php?rest_route=\/wp\/v2\/users\/1"}],"replies":[{"embeddable":true,"href":"https:\/\/www.galaxycarpet.com.tr\/index.php?rest_route=%2Fwp%2Fv2%2Fcomments&post=8"}],"version-history":[{"count":1,"href":"https:\/\/www.galaxycarpet.com.tr\/index.php?rest_route=\/wp\/v2\/pages\/8\/revisions"}],"predecessor-version":[{"id":9,"href":"https:\/\/www.galaxycarpet.com.tr\/index.php?rest_route=\/wp\/v2\/pages\/8\/revisions\/9"}],"wp:attachment":[{"href":"https:\/\/www.galaxycarpet.com.tr\/index.php?rest_route=%2Fwp%2Fv2%2Fmedia&parent=8"}],"curies":[{"name":"wp","href":"https:\/\/api.w.org\/{rel}","templated":true}]}}